{"id":598,"date":"2019-08-02T22:21:40","date_gmt":"2019-08-02T22:21:40","guid":{"rendered":"https:\/\/wp.myrale-d-or.com\/?post_type=product&#038;p=598"},"modified":"2019-11-12T14:39:07","modified_gmt":"2019-11-12T14:39:07","slug":"opera","status":"publish","type":"product","link":"https:\/\/wp.myrale-d-or.com\/?product=opera","title":{"rendered":"Opera"},"content":{"rendered":"<p>Une d\u00e9licieuse OPERA traditionnel compos\u00e9 d&#8217;une cake a base d&#8217;amande, ganache NOIR 66% et d&#8217;une onctueuse cr\u00e8me au beurre au caf\u00e9 garnie de macaron et enrob\u00e9 d&#8217;un gla\u00e7age chocolat.<\/p>\n","protected":false},"excerpt":{"rendered":"<p>Une d\u00e9licieuse OPERA traditionnel compos\u00e9 d&#8217;une cake a base d&#8217;amande, ganache NOIR 66% et d&#8217;une onctueuse cr\u00e8me au beurre au caf\u00e9 garnie de macaron et enrob\u00e9 d&#8217;un gla\u00e7age chocolat.<\/p>\n","protected":false},"featured_media":599,"comment_status":"open","ping_status":"closed","template":"","meta":[],"_links":{"self":[{"href":"https:\/\/wp.myrale-d-or.com\/index.php?rest_route=\/wp\/v2\/product\/598"}],"collection":[{"href":"https:\/\/wp.myrale-d-or.com\/index.php?rest_route=\/wp\/v2\/product"}],"about":[{"href":"https:\/\/wp.myrale-d-or.com\/index.php?rest_route=\/wp\/v2\/types\/product"}],"replies":[{"embeddable":true,"href":"https:\/\/wp.myrale-d-or.com\/index.php?rest_route=%2Fwp%2Fv2%2Fcomments&post=598"}],"version-history":[{"count":2,"href":"https:\/\/wp.myrale-d-or.com\/index.php?rest_route=\/wp\/v2\/product\/598\/revisions"}],"predecessor-version":[{"id":2855,"href":"https:\/\/wp.myrale-d-or.com\/index.php?rest_route=\/wp\/v2\/product\/598\/revisions\/2855"}],"wp:featuredmedia":[{"embeddable":true,"href":"https:\/\/wp.myrale-d-or.com\/index.php?rest_route=\/wp\/v2\/media\/599"}],"wp:attachment":[{"href":"https:\/\/wp.myrale-d-or.com\/index.php?rest_route=%2Fwp%2Fv2%2Fmedia&parent=598"}],"curies":[{"name":"wp","href":"https:\/\/api.w.org\/{rel}","templated":true}]}}