{"id":589,"date":"2019-08-02T22:06:49","date_gmt":"2019-08-02T22:06:49","guid":{"rendered":"https:\/\/wp.myrale-d-or.com\/?post_type=product&#038;p=589"},"modified":"2019-10-28T15:03:41","modified_gmt":"2019-10-28T15:03:41","slug":"foret-noir","status":"publish","type":"product","link":"https:\/\/wp.myrale-d-or.com\/?product=foret-noir","title":{"rendered":"For\u00eat noir"},"content":{"rendered":"<p>Une d\u00e9licieuse for\u00eat noir traditionnel compos\u00e9 du cake aux chocolats et de ganache NOIR 66% garnie de cerises confits et enrob\u00e9 de cr\u00e8me chantilly.<\/p>\n","protected":false},"excerpt":{"rendered":"<p>Une d\u00e9licieuse for\u00eat noir traditionnel compos\u00e9 du cake aux chocolats et de ganache NOIR 66% garnie de cerises confits et enrob\u00e9 de cr\u00e8me chantilly.<\/p>\n","protected":false},"featured_media":590,"comment_status":"open","ping_status":"closed","template":"","meta":[],"_links":{"self":[{"href":"https:\/\/wp.myrale-d-or.com\/index.php?rest_route=\/wp\/v2\/product\/589"}],"collection":[{"href":"https:\/\/wp.myrale-d-or.com\/index.php?rest_route=\/wp\/v2\/product"}],"about":[{"href":"https:\/\/wp.myrale-d-or.com\/index.php?rest_route=\/wp\/v2\/types\/product"}],"replies":[{"embeddable":true,"href":"https:\/\/wp.myrale-d-or.com\/index.php?rest_route=%2Fwp%2Fv2%2Fcomments&post=589"}],"version-history":[{"count":1,"href":"https:\/\/wp.myrale-d-or.com\/index.php?rest_route=\/wp\/v2\/product\/589\/revisions"}],"predecessor-version":[{"id":830,"href":"https:\/\/wp.myrale-d-or.com\/index.php?rest_route=\/wp\/v2\/product\/589\/revisions\/830"}],"wp:featuredmedia":[{"embeddable":true,"href":"https:\/\/wp.myrale-d-or.com\/index.php?rest_route=\/wp\/v2\/media\/590"}],"wp:attachment":[{"href":"https:\/\/wp.myrale-d-or.com\/index.php?rest_route=%2Fwp%2Fv2%2Fmedia&parent=589"}],"curies":[{"name":"wp","href":"https:\/\/api.w.org\/{rel}","templated":true}]}}