{"id":2568,"date":"2019-10-23T14:17:22","date_gmt":"2019-10-23T14:17:22","guid":{"rendered":"https:\/\/wp.myrale-d-or.com\/?post_type=product&#038;p=2568"},"modified":"2019-11-25T17:55:30","modified_gmt":"2019-11-25T17:55:30","slug":"plateau-sale-variee-prestige","status":"publish","type":"product","link":"https:\/\/wp.myrale-d-or.com\/?product=plateau-sale-variee-prestige","title":{"rendered":"Plateau Sal\u00e9 vari\u00e9e Prestige"},"content":{"rendered":"<p>8 Pc mini cupcake sal\u00e9<\/p>\n<p>16 Pc mini tarte sal\u00e9<\/p>\n<p>7 Pc mini Cake Saumon fum\u00e9<\/p>\n<p>6 Pc quiche<\/p>\n","protected":false},"excerpt":{"rendered":"<p>8 Pc mini cupcake sal\u00e9<\/p>\n<p>16 Pc mini tarte sal\u00e9<\/p>\n<p>7 Pc mini Cake Saumon fum\u00e9<\/p>\n<p>6 Pc quiche<\/p>\n","protected":false},"featured_media":2563,"comment_status":"open","ping_status":"closed","template":"","meta":[],"_links":{"self":[{"href":"https:\/\/wp.myrale-d-or.com\/index.php?rest_route=\/wp\/v2\/product\/2568"}],"collection":[{"href":"https:\/\/wp.myrale-d-or.com\/index.php?rest_route=\/wp\/v2\/product"}],"about":[{"href":"https:\/\/wp.myrale-d-or.com\/index.php?rest_route=\/wp\/v2\/types\/product"}],"replies":[{"embeddable":true,"href":"https:\/\/wp.myrale-d-or.com\/index.php?rest_route=%2Fwp%2Fv2%2Fcomments&post=2568"}],"version-history":[{"count":3,"href":"https:\/\/wp.myrale-d-or.com\/index.php?rest_route=\/wp\/v2\/product\/2568\/revisions"}],"predecessor-version":[{"id":2571,"href":"https:\/\/wp.myrale-d-or.com\/index.php?rest_route=\/wp\/v2\/product\/2568\/revisions\/2571"}],"wp:featuredmedia":[{"embeddable":true,"href":"https:\/\/wp.myrale-d-or.com\/index.php?rest_route=\/wp\/v2\/media\/2563"}],"wp:attachment":[{"href":"https:\/\/wp.myrale-d-or.com\/index.php?rest_route=%2Fwp%2Fv2%2Fmedia&parent=2568"}],"curies":[{"name":"wp","href":"https:\/\/api.w.org\/{rel}","templated":true}]}}