{"id":2410,"date":"2019-10-09T10:01:12","date_gmt":"2019-10-09T10:01:12","guid":{"rendered":"https:\/\/wp.myrale-d-or.com\/?post_type=product&#038;p=2410"},"modified":"2019-10-28T13:38:57","modified_gmt":"2019-10-28T13:38:57","slug":"pain-complet-au-grains","status":"publish","type":"product","link":"https:\/\/wp.myrale-d-or.com\/?product=pain-complet-au-grains","title":{"rendered":"Pain complet au grains"},"content":{"rendered":"<p>Saveur de la compagne avec un go\u00fbt special de m\u00e9lange des grains grill\u00e9s<\/p>\n","protected":false},"excerpt":{"rendered":"<p>Minimum quantit\u00e9: 5Pc<\/p>\n","protected":false},"featured_media":1796,"comment_status":"open","ping_status":"closed","template":"","meta":[],"_links":{"self":[{"href":"https:\/\/wp.myrale-d-or.com\/index.php?rest_route=\/wp\/v2\/product\/2410"}],"collection":[{"href":"https:\/\/wp.myrale-d-or.com\/index.php?rest_route=\/wp\/v2\/product"}],"about":[{"href":"https:\/\/wp.myrale-d-or.com\/index.php?rest_route=\/wp\/v2\/types\/product"}],"replies":[{"embeddable":true,"href":"https:\/\/wp.myrale-d-or.com\/index.php?rest_route=%2Fwp%2Fv2%2Fcomments&post=2410"}],"version-history":[{"count":1,"href":"https:\/\/wp.myrale-d-or.com\/index.php?rest_route=\/wp\/v2\/product\/2410\/revisions"}],"predecessor-version":[{"id":2411,"href":"https:\/\/wp.myrale-d-or.com\/index.php?rest_route=\/wp\/v2\/product\/2410\/revisions\/2411"}],"wp:featuredmedia":[{"embeddable":true,"href":"https:\/\/wp.myrale-d-or.com\/index.php?rest_route=\/wp\/v2\/media\/1796"}],"wp:attachment":[{"href":"https:\/\/wp.myrale-d-or.com\/index.php?rest_route=%2Fwp%2Fv2%2Fmedia&parent=2410"}],"curies":[{"name":"wp","href":"https:\/\/api.w.org\/{rel}","templated":true}]}}