{"id":1618,"date":"2019-08-29T15:28:38","date_gmt":"2019-08-29T15:28:38","guid":{"rendered":"https:\/\/wp.myrale-d-or.com\/?post_type=product&#038;p=1618"},"modified":"2019-11-25T17:56:44","modified_gmt":"2019-11-25T17:56:44","slug":"plateau-sale-varie","status":"publish","type":"product","link":"https:\/\/wp.myrale-d-or.com\/?product=plateau-sale-varie","title":{"rendered":"Plateau sal\u00e9 vari\u00e9"},"content":{"rendered":"<p>16 Pc mini cupcake sal\u00e9<\/p>\n<p>16 Pc mini pizza<\/p>\n<p>8 Pc quiche<\/p>\n","protected":false},"excerpt":{"rendered":"<p>16 Pc mini cupcake sal\u00e9<\/p>\n<p>16 Pc mini pizza<\/p>\n<p>8 Pc quiche<\/p>\n","protected":false},"featured_media":1620,"comment_status":"open","ping_status":"closed","template":"","meta":[],"_links":{"self":[{"href":"https:\/\/wp.myrale-d-or.com\/index.php?rest_route=\/wp\/v2\/product\/1618"}],"collection":[{"href":"https:\/\/wp.myrale-d-or.com\/index.php?rest_route=\/wp\/v2\/product"}],"about":[{"href":"https:\/\/wp.myrale-d-or.com\/index.php?rest_route=\/wp\/v2\/types\/product"}],"replies":[{"embeddable":true,"href":"https:\/\/wp.myrale-d-or.com\/index.php?rest_route=%2Fwp%2Fv2%2Fcomments&post=1618"}],"version-history":[{"count":1,"href":"https:\/\/wp.myrale-d-or.com\/index.php?rest_route=\/wp\/v2\/product\/1618\/revisions"}],"predecessor-version":[{"id":1621,"href":"https:\/\/wp.myrale-d-or.com\/index.php?rest_route=\/wp\/v2\/product\/1618\/revisions\/1621"}],"wp:featuredmedia":[{"embeddable":true,"href":"https:\/\/wp.myrale-d-or.com\/index.php?rest_route=\/wp\/v2\/media\/1620"}],"wp:attachment":[{"href":"https:\/\/wp.myrale-d-or.com\/index.php?rest_route=%2Fwp%2Fv2%2Fmedia&parent=1618"}],"curies":[{"name":"wp","href":"https:\/\/api.w.org\/{rel}","templated":true}]}}