{"id":1359,"date":"2019-08-26T16:28:37","date_gmt":"2019-08-26T16:28:37","guid":{"rendered":"https:\/\/wp.myrale-d-or.com\/?post_type=product&#038;p=1359"},"modified":"2019-10-28T14:48:06","modified_gmt":"2019-10-28T14:48:06","slug":"corne-de-gazelle-kaab-ghzal","status":"publish","type":"product","link":"https:\/\/wp.myrale-d-or.com\/?product=corne-de-gazelle-kaab-ghzal","title":{"rendered":"Corne de gazelle (Kaab ghzal)"},"content":{"rendered":"<p>R\u00e9galez vous avec la star des g\u00e2teaux marocaine le fameux *kaab ghzal * une p\u00e2te fine farci d&#8217;une p\u00e2te d&#8217;amande parfum\u00e9e \u00e0 la fleur d&#8217;Oranger en forme de petits croissants.<\/p>\n","protected":false},"excerpt":{"rendered":"<p>R\u00e9galez vous avec la star des g\u00e2teaux marocaine le fameux *kaab ghzal * une p\u00e2te fine farci d&#8217;une p\u00e2te d&#8217;amande parfum\u00e9e \u00e0 la fleur d&#8217;Oranger en forme de petits croissants.<\/p>\n","protected":false},"featured_media":1360,"comment_status":"open","ping_status":"closed","template":"","meta":[],"_links":{"self":[{"href":"https:\/\/wp.myrale-d-or.com\/index.php?rest_route=\/wp\/v2\/product\/1359"}],"collection":[{"href":"https:\/\/wp.myrale-d-or.com\/index.php?rest_route=\/wp\/v2\/product"}],"about":[{"href":"https:\/\/wp.myrale-d-or.com\/index.php?rest_route=\/wp\/v2\/types\/product"}],"replies":[{"embeddable":true,"href":"https:\/\/wp.myrale-d-or.com\/index.php?rest_route=%2Fwp%2Fv2%2Fcomments&post=1359"}],"version-history":[{"count":3,"href":"https:\/\/wp.myrale-d-or.com\/index.php?rest_route=\/wp\/v2\/product\/1359\/revisions"}],"predecessor-version":[{"id":1364,"href":"https:\/\/wp.myrale-d-or.com\/index.php?rest_route=\/wp\/v2\/product\/1359\/revisions\/1364"}],"wp:featuredmedia":[{"embeddable":true,"href":"https:\/\/wp.myrale-d-or.com\/index.php?rest_route=\/wp\/v2\/media\/1360"}],"wp:attachment":[{"href":"https:\/\/wp.myrale-d-or.com\/index.php?rest_route=%2Fwp%2Fv2%2Fmedia&parent=1359"}],"curies":[{"name":"wp","href":"https:\/\/api.w.org\/{rel}","templated":true}]}}